{"id":3,"date":"2024-07-12T06:06:54","date_gmt":"2024-07-12T06:06:54","guid":{"rendered":"http:\/\/fundaciosantjoaquim.org\/?page_id=3"},"modified":"2024-11-06T09:23:32","modified_gmt":"2024-11-06T09:23:32","slug":"politica-de-privacidad","status":"publish","type":"page","link":"https:\/\/fundaciosantjoaquim.org\/es\/politica-de-privacidad\/","title":{"rendered":"Pol\u00edtica de Privacidad"},"content":{"rendered":"\r\n<h2 class=\"wp-block-heading\" style=\"text-align: center;\">Pol\u00edtica de Privacidad<\/h2>\r\n<h3><strong>Aceptaci\u00f3n y tratamiento de datos<\/strong><\/h3>\r\n<p>Al utilizar esta web, formularios o redes sociales, el usuario acepta el tratamiento de sus datos seg\u00fan esta pol\u00edtica, incluyendo la recopilaci\u00f3n de datos de acceso y el env\u00edo de informaci\u00f3n comercial electr\u00f3nica.<\/p>\r\n<h3><strong>Responsable del tratamiento<\/strong><\/h3>\r\n<ul>\r\n<li><strong>Responsable<\/strong>: FUNDACI\u00d3 PRIVADA SANT JOAQUIM<\/li>\r\n<li><strong>Direcci\u00f3n<\/strong>: CAMI RAL, 338-340 08301 (MATARO)<\/li>\r\n<li><strong>Contacto<\/strong>: 937962652 | <a rel=\"noopener\">info@fundaciosantjoaquim.org<\/a><\/li>\r\n<\/ul>\r\n<h3><strong>Finalidad<\/strong><\/h3>\r\n<p>Los datos se utilizan para:<\/p>\r\n<ul>\r\n<li>Acceso a los contenidos de la web.<\/li>\r\n<li>Responder solicitudes de los usuarios.<\/li>\r\n<li>Registro de visitas con fines estad\u00edsticos (IP, navegador, etc.).<\/li>\r\n<li>Seguridad de la web.<\/li>\r\n<li>Env\u00edo de informaci\u00f3n comercial electr\u00f3nica sobre servicios y productos.<\/li>\r\n<\/ul>\r\n<h3><strong>Legitimaci\u00f3n<\/strong><\/h3>\r\n<p>El tratamiento de datos se basa en el consentimiento del usuario, obligaciones legales y, en algunos casos, en la ejecuci\u00f3n de un contrato o precontrato.<\/p>\r\n<h3><strong>Destinatarios y transferencias<\/strong><\/h3>\r\n<ul>\r\n<li>Destinatario: FUNDACI\u00d3 PRIVADA SANT JOAQUIM.<\/li>\r\n<li>No se prev\u00e9n transferencias internacionales fuera del Espacio Econ\u00f3mico Europeo, salvo para almacenamiento en bases seguras o mediante entidades adheridas al Privacy Shield.<\/li>\r\n<\/ul>\r\n<h3><strong>Conservaci\u00f3n de datos<\/strong><\/h3>\r\n<p>Se conservar\u00e1n conforme a los plazos establecidos por ley y mientras el usuario mantenga su consentimiento.<\/p>\r\n<h3><strong>Derechos de los usuarios<\/strong><\/h3>\r\n<p>Los usuarios pueden:<\/p>\r\n<ul>\r\n<li>Acceder, rectificar y suprimir sus datos.<\/li>\r\n<li>Solicitar la portabilidad de sus datos.<\/li>\r\n<li>Oponerse o solicitar la limitaci\u00f3n del tratamiento.<\/li>\r\n<li>Retirar el consentimiento en cualquier momento.<\/li>\r\n<\/ul>\r\n<p>Para ejercer estos derechos, enviar solicitud por escrito o correo electr\u00f3nico a FUNDACI\u00d3 PRIVADA SANT JOAQUIM (referencia \u201cProtecci\u00f3n de datos\u201d) adjuntando una copia del DNI o pasaporte.<\/p>\r\n<h3><strong>Veracidad de los datos<\/strong><\/h3>\r\n<p>El usuario debe proporcionar datos veraces y actualizados. Ser\u00e1 responsable de cualquier da\u00f1o que pueda derivarse de datos falsos o inexactos.<\/p>\r\n<h3><strong>Medidas de seguridad<\/strong><\/h3>\r\n<p>La Fundaci\u00f3n ha adoptado medidas para proteger los datos personales, aunque se advierte que la seguridad en Internet no es invulnerable.<\/p>\r\n<h3><strong>Menores de edad<\/strong><\/h3>\r\n<p>El uso de la web est\u00e1 prohibido para menores de 14 a\u00f1os sin consentimiento de los padres o tutores.<\/p>\r\n<h3><strong>Anal\u00edticas y complementos de terceros<\/strong><\/h3>\r\n<p>Esta web utiliza:<\/p>\r\n<ul>\r\n<li>Anal\u00edticas para evaluar el uso y acceso del usuario.<\/li>\r\n<li>Funciones y complementos de terceros, como Google Analytics y funciones de Google (YouTube, mapas, etc.), que pueden registrar la actividad del usuario y emplear cookies para personalizar publicidad.<\/li>\r\n<\/ul>\r\n<p>Al usar esta web, el usuario consiente el tratamiento de sus datos conforme a las pol\u00edticas de privacidad de estos terceros.<\/p>","protected":false},"excerpt":{"rendered":"<p>Pol\u00edtica de Privacidad Aceptaci\u00f3n y tratamiento de datos Al utilizar esta web, formularios o redes sociales, el usuario acepta el tratamiento de sus datos seg\u00fan esta pol\u00edtica, incluyendo la recopilaci\u00f3n de datos de acceso y el env\u00edo de informaci\u00f3n comercial electr\u00f3nica. Responsable del tratamiento Responsable: FUNDACI\u00d3 PRIVADA SANT JOAQUIM Direcci\u00f3n: CAMI RAL, 338-340 08301 (MATARO) [&hellip;]<\/p>\n","protected":false},"author":1,"featured_media":0,"parent":0,"menu_order":0,"comment_status":"closed","ping_status":"closed","template":"","meta":{"footnotes":""},"class_list":["post-3","page","type-page","status-publish","hentry"],"yoast_head":"<!-- This site is optimized with the Yoast SEO plugin v27.4 - https:\/\/yoast.com\/product\/yoast-seo-wordpress\/ -->\n<title>Pol\u00edtica de Privacidad - Fundaci\u00f3 Sant Joaquim<\/title>\n<meta name=\"robots\" content=\"index, follow, max-snippet:-1, max-image-preview:large, max-video-preview:-1\" \/>\n<link rel=\"canonical\" href=\"https:\/\/fundaciosantjoaquim.org\/es\/politica-de-privacidad\/\" \/>\n<meta property=\"og:locale\" content=\"es_ES\" \/>\n<meta property=\"og:type\" content=\"article\" \/>\n<meta property=\"og:title\" content=\"Pol\u00edtica de Privacidad - Fundaci\u00f3 Sant Joaquim\" \/>\n<meta property=\"og:description\" content=\"Pol\u00edtica de Privacidad Aceptaci\u00f3n y tratamiento de datos Al utilizar esta web, formularios o redes sociales, el usuario acepta el tratamiento de sus datos seg\u00fan esta pol\u00edtica, incluyendo la recopilaci\u00f3n de datos de acceso y el env\u00edo de informaci\u00f3n comercial electr\u00f3nica. Responsable del tratamiento Responsable: FUNDACI\u00d3 PRIVADA SANT JOAQUIM Direcci\u00f3n: CAMI RAL, 338-340 08301 (MATARO) [&hellip;]\" \/>\n<meta property=\"og:url\" content=\"https:\/\/fundaciosantjoaquim.org\/es\/politica-de-privacidad\/\" \/>\n<meta property=\"og:site_name\" content=\"Fundaci\u00f3 Sant Joaquim\" \/>\n<meta property=\"article:modified_time\" content=\"2024-11-06T09:23:32+00:00\" \/>\n<meta name=\"twitter:card\" content=\"summary_large_image\" \/>\n<meta name=\"twitter:label1\" content=\"Tiempo de lectura\" \/>\n\t<meta name=\"twitter:data1\" content=\"2 minutos\" \/>\n<script type=\"application\/ld+json\" class=\"yoast-schema-graph\">{\"@context\":\"https:\\\/\\\/schema.org\",\"@graph\":[{\"@type\":\"WebPage\",\"@id\":\"https:\\\/\\\/fundaciosantjoaquim.org\\\/es\\\/politica-de-privacidad\\\/\",\"url\":\"https:\\\/\\\/fundaciosantjoaquim.org\\\/es\\\/politica-de-privacidad\\\/\",\"name\":\"Pol\u00edtica de Privacidad - Fundaci\u00f3 Sant Joaquim\",\"isPartOf\":{\"@id\":\"https:\\\/\\\/fundaciosantjoaquim.org\\\/es\\\/#website\"},\"datePublished\":\"2024-07-12T06:06:54+00:00\",\"dateModified\":\"2024-11-06T09:23:32+00:00\",\"breadcrumb\":{\"@id\":\"https:\\\/\\\/fundaciosantjoaquim.org\\\/es\\\/politica-de-privacidad\\\/#breadcrumb\"},\"inLanguage\":\"es\",\"potentialAction\":[{\"@type\":\"ReadAction\",\"target\":[\"https:\\\/\\\/fundaciosantjoaquim.org\\\/es\\\/politica-de-privacidad\\\/\"]}]},{\"@type\":\"BreadcrumbList\",\"@id\":\"https:\\\/\\\/fundaciosantjoaquim.org\\\/es\\\/politica-de-privacidad\\\/#breadcrumb\",\"itemListElement\":[{\"@type\":\"ListItem\",\"position\":1,\"name\":\"Portada\",\"item\":\"https:\\\/\\\/fundaciosantjoaquim.org\\\/es\\\/\"},{\"@type\":\"ListItem\",\"position\":2,\"name\":\"Pol\u00edtica de Privacidad\"}]},{\"@type\":\"WebSite\",\"@id\":\"https:\\\/\\\/fundaciosantjoaquim.org\\\/es\\\/#website\",\"url\":\"https:\\\/\\\/fundaciosantjoaquim.org\\\/es\\\/\",\"name\":\"Fundaci\u00f3 Sant Joaquim\",\"description\":\"\",\"potentialAction\":[{\"@type\":\"SearchAction\",\"target\":{\"@type\":\"EntryPoint\",\"urlTemplate\":\"https:\\\/\\\/fundaciosantjoaquim.org\\\/es\\\/?s={search_term_string}\"},\"query-input\":{\"@type\":\"PropertyValueSpecification\",\"valueRequired\":true,\"valueName\":\"search_term_string\"}}],\"inLanguage\":\"es\"}]}<\/script>\n<!-- \/ Yoast SEO plugin. -->","yoast_head_json":{"title":"Pol\u00edtica de Privacidad - Fundaci\u00f3 Sant Joaquim","robots":{"index":"index","follow":"follow","max-snippet":"max-snippet:-1","max-image-preview":"max-image-preview:large","max-video-preview":"max-video-preview:-1"},"canonical":"https:\/\/fundaciosantjoaquim.org\/es\/politica-de-privacidad\/","og_locale":"es_ES","og_type":"article","og_title":"Pol\u00edtica de Privacidad - Fundaci\u00f3 Sant Joaquim","og_description":"Pol\u00edtica de Privacidad Aceptaci\u00f3n y tratamiento de datos Al utilizar esta web, formularios o redes sociales, el usuario acepta el tratamiento de sus datos seg\u00fan esta pol\u00edtica, incluyendo la recopilaci\u00f3n de datos de acceso y el env\u00edo de informaci\u00f3n comercial electr\u00f3nica. Responsable del tratamiento Responsable: FUNDACI\u00d3 PRIVADA SANT JOAQUIM Direcci\u00f3n: CAMI RAL, 338-340 08301 (MATARO) [&hellip;]","og_url":"https:\/\/fundaciosantjoaquim.org\/es\/politica-de-privacidad\/","og_site_name":"Fundaci\u00f3 Sant Joaquim","article_modified_time":"2024-11-06T09:23:32+00:00","twitter_card":"summary_large_image","twitter_misc":{"Tiempo de lectura":"2 minutos"},"schema":{"@context":"https:\/\/schema.org","@graph":[{"@type":"WebPage","@id":"https:\/\/fundaciosantjoaquim.org\/es\/politica-de-privacidad\/","url":"https:\/\/fundaciosantjoaquim.org\/es\/politica-de-privacidad\/","name":"Pol\u00edtica de Privacidad - Fundaci\u00f3 Sant Joaquim","isPartOf":{"@id":"https:\/\/fundaciosantjoaquim.org\/es\/#website"},"datePublished":"2024-07-12T06:06:54+00:00","dateModified":"2024-11-06T09:23:32+00:00","breadcrumb":{"@id":"https:\/\/fundaciosantjoaquim.org\/es\/politica-de-privacidad\/#breadcrumb"},"inLanguage":"es","potentialAction":[{"@type":"ReadAction","target":["https:\/\/fundaciosantjoaquim.org\/es\/politica-de-privacidad\/"]}]},{"@type":"BreadcrumbList","@id":"https:\/\/fundaciosantjoaquim.org\/es\/politica-de-privacidad\/#breadcrumb","itemListElement":[{"@type":"ListItem","position":1,"name":"Portada","item":"https:\/\/fundaciosantjoaquim.org\/es\/"},{"@type":"ListItem","position":2,"name":"Pol\u00edtica de Privacidad"}]},{"@type":"WebSite","@id":"https:\/\/fundaciosantjoaquim.org\/es\/#website","url":"https:\/\/fundaciosantjoaquim.org\/es\/","name":"Fundaci\u00f3 Sant Joaquim","description":"","potentialAction":[{"@type":"SearchAction","target":{"@type":"EntryPoint","urlTemplate":"https:\/\/fundaciosantjoaquim.org\/es\/?s={search_term_string}"},"query-input":{"@type":"PropertyValueSpecification","valueRequired":true,"valueName":"search_term_string"}}],"inLanguage":"es"}]}},"_links":{"self":[{"href":"https:\/\/fundaciosantjoaquim.org\/es\/wp-json\/wp\/v2\/pages\/3","targetHints":{"allow":["GET"]}}],"collection":[{"href":"https:\/\/fundaciosantjoaquim.org\/es\/wp-json\/wp\/v2\/pages"}],"about":[{"href":"https:\/\/fundaciosantjoaquim.org\/es\/wp-json\/wp\/v2\/types\/page"}],"author":[{"embeddable":true,"href":"https:\/\/fundaciosantjoaquim.org\/es\/wp-json\/wp\/v2\/users\/1"}],"replies":[{"embeddable":true,"href":"https:\/\/fundaciosantjoaquim.org\/es\/wp-json\/wp\/v2\/comments?post=3"}],"version-history":[{"count":5,"href":"https:\/\/fundaciosantjoaquim.org\/es\/wp-json\/wp\/v2\/pages\/3\/revisions"}],"predecessor-version":[{"id":425,"href":"https:\/\/fundaciosantjoaquim.org\/es\/wp-json\/wp\/v2\/pages\/3\/revisions\/425"}],"wp:attachment":[{"href":"https:\/\/fundaciosantjoaquim.org\/es\/wp-json\/wp\/v2\/media?parent=3"}],"curies":[{"name":"wp","href":"https:\/\/api.w.org\/{rel}","templated":true}]}}

Política de Privacidad

<h2 class="wp-block-heading" style="text-align: center;">Política de Privacidad</h2>
<h3><strong>Aceptación y tratamiento de datos</strong></h3>
<p>Al utilizar esta web, formularios o redes sociales, el usuario acepta el tratamiento de sus datos según esta política, incluyendo la recopilación de datos de acceso y el envío de información comercial electrónica.</p>
<h3><strong>Responsable del tratamiento</strong></h3>
<ul>
<li><strong>Responsable</strong>: FUNDACIÓ PRIVADA SANT JOAQUIM</li>
<li><strong>Dirección</strong>: CAMI RAL, 338-340 08301 (MATARO)</li>
<li><strong>Contacto</strong>: 937962652 | <a rel="noopener">info@fundaciosantjoaquim.org</a></li>
</ul>
<h3><strong>Finalidad</strong></h3>
<p>Los datos se utilizan para:</p>
<ul>
<li>Acceso a los contenidos de la web.</li>
<li>Responder solicitudes de los usuarios.</li>
<li>Registro de visitas con fines estadísticos (IP, navegador, etc.).</li>
<li>Seguridad de la web.</li>
<li>Envío de información comercial electrónica sobre servicios y productos.</li>
</ul>
<h3><strong>Legitimación</strong></h3>
<p>El tratamiento de datos se basa en el consentimiento del usuario, obligaciones legales y, en algunos casos, en la ejecución de un contrato o precontrato.</p>
<h3><strong>Destinatarios y transferencias</strong></h3>
<ul>
<li>Destinatario: FUNDACIÓ PRIVADA SANT JOAQUIM.</li>
<li>No se prevén transferencias internacionales fuera del Espacio Económico Europeo, salvo para almacenamiento en bases seguras o mediante entidades adheridas al Privacy Shield.</li>
</ul>
<h3><strong>Conservación de datos</strong></h3>
<p>Se conservarán conforme a los plazos establecidos por ley y mientras el usuario mantenga su consentimiento.</p>
<h3><strong>Derechos de los usuarios</strong></h3>
<p>Los usuarios pueden:</p>
<ul>
<li>Acceder, rectificar y suprimir sus datos.</li>
<li>Solicitar la portabilidad de sus datos.</li>
<li>Oponerse o solicitar la limitación del tratamiento.</li>
<li>Retirar el consentimiento en cualquier momento.</li>
</ul>
<p>Para ejercer estos derechos, enviar solicitud por escrito o correo electrónico a FUNDACIÓ PRIVADA SANT JOAQUIM (referencia “Protección de datos”) adjuntando una copia del DNI o pasaporte.</p>
<h3><strong>Veracidad de los datos</strong></h3>
<p>El usuario debe proporcionar datos veraces y actualizados. Será responsable de cualquier daño que pueda derivarse de datos falsos o inexactos.</p>
<h3><strong>Medidas de seguridad</strong></h3>
<p>La Fundación ha adoptado medidas para proteger los datos personales, aunque se advierte que la seguridad en Internet no es invulnerable.</p>
<h3><strong>Menores de edad</strong></h3>
<p>El uso de la web está prohibido para menores de 14 años sin consentimiento de los padres o tutores.</p>
<h3><strong>Analíticas y complementos de terceros</strong></h3>
<p>Esta web utiliza:</p>
<ul>
<li>Analíticas para evaluar el uso y acceso del usuario.</li>
<li>Funciones y complementos de terceros, como Google Analytics y funciones de Google (YouTube, mapas, etc.), que pueden registrar la actividad del usuario y emplear cookies para personalizar publicidad.</li>
</ul>
<p>Al usar esta web, el usuario consiente el tratamiento de sus datos conforme a las políticas de privacidad de estos terceros.</p>

<p>Política de Privacidad Aceptación y tratamiento de datos Al utilizar esta web, formularios o redes sociales, el usuario acepta el tratamiento de sus datos según esta política, incluyendo la recopilación de datos de acceso y el envío de información comercial electrónica. Responsable del tratamiento Responsable: FUNDACIÓ PRIVADA SANT JOAQUIM Dirección: CAMI RAL, 338-340 08301 (MATARO) [&hellip;]</p>

<!-- This site is optimized with the Yoast SEO plugin v27.4 - https://yoast.com/product/yoast-seo-wordpress/ -->
<title>Política de Privacidad - Fundació Sant Joaquim</title>
<meta name="robots" content="index, follow, max-snippet:-1, max-image-preview:large, max-video-preview:-1" />
<link rel="canonical" href="https://fundaciosantjoaquim.org/es/politica-de-privacidad/" />
<meta property="og:locale" content="es_ES" />
<meta property="og:type" content="article" />
<meta property="og:title" content="Política de Privacidad - Fundació Sant Joaquim" />
<meta property="og:description" content="Política de Privacidad Aceptación y tratamiento de datos Al utilizar esta web, formularios o redes sociales, el usuario acepta el tratamiento de sus datos según esta política, incluyendo la recopilación de datos de acceso y el envío de información comercial electrónica. Responsable del tratamiento Responsable: FUNDACIÓ PRIVADA SANT JOAQUIM Dirección: CAMI RAL, 338-340 08301 (MATARO) [&hellip;]" />
<meta property="og:url" content="https://fundaciosantjoaquim.org/es/politica-de-privacidad/" />
<meta property="og:site_name" content="Fundació Sant Joaquim" />
<meta property="article:modified_time" content="2024-11-06T09:23:32+00:00" />
<meta name="twitter:card" content="summary_large_image" />
<meta name="twitter:label1" content="Tiempo de lectura" />
	<meta name="twitter:data1" content="2 minutos" />
<script type="application/ld+json" class="yoast-schema-graph">{"@context":"https:\/\/schema.org","@graph":[{"@type":"WebPage","@id":"https:\/\/fundaciosantjoaquim.org\/es\/politica-de-privacidad\/","url":"https:\/\/fundaciosantjoaquim.org\/es\/politica-de-privacidad\/","name":"Política de Privacidad - Fundació Sant Joaquim","isPartOf":{"@id":"https:\/\/fundaciosantjoaquim.org\/es\/#website"},"datePublished":"2024-07-12T06:06:54+00:00","dateModified":"2024-11-06T09:23:32+00:00","breadcrumb":{"@id":"https:\/\/fundaciosantjoaquim.org\/es\/politica-de-privacidad\/#breadcrumb"},"inLanguage":"es","potentialAction":[{"@type":"ReadAction","target":["https:\/\/fundaciosantjoaquim.org\/es\/politica-de-privacidad\/"]}]},{"@type":"BreadcrumbList","@id":"https:\/\/fundaciosantjoaquim.org\/es\/politica-de-privacidad\/#breadcrumb","itemListElement":[{"@type":"ListItem","position":1,"name":"Portada","item":"https:\/\/fundaciosantjoaquim.org\/es\/"},{"@type":"ListItem","position":2,"name":"Política de Privacidad"}]},{"@type":"WebSite","@id":"https:\/\/fundaciosantjoaquim.org\/es\/#website","url":"https:\/\/fundaciosantjoaquim.org\/es\/","name":"Fundació Sant Joaquim","description":"","potentialAction":[{"@type":"SearchAction","target":{"@type":"EntryPoint","urlTemplate":"https:\/\/fundaciosantjoaquim.org\/es\/?s={search_term_string}"},"query-input":{"@type":"PropertyValueSpecification","valueRequired":true,"valueName":"search_term_string"}}],"inLanguage":"es"}]}</script>
<!-- / Yoast SEO plugin. -->

Política de Privacidad - Fundació Sant Joaquim

Política de Privacidad Aceptación y tratamiento de datos Al utilizar esta web, formularios o redes sociales, el usuario acepta el tratamiento de sus datos según esta política, incluyendo la recopilación de datos de acceso y el envío de información comercial electrónica. Responsable del tratamiento Responsable: FUNDACIÓ PRIVADA SANT JOAQUIM Dirección: CAMI RAL, 338-340 08301 (MATARO) [&hellip;]

Fundació Sant Joaquim
